{"id":272,"date":"2023-06-12T11:12:22","date_gmt":"2023-06-12T11:12:22","guid":{"rendered":"https:\/\/quizzical-booth.87-106-237-161.plesk.page\/?page_id=272"},"modified":"2023-06-12T11:50:20","modified_gmt":"2023-06-12T11:50:20","slug":"entradas-de-productos","status":"publish","type":"page","link":"https:\/\/quizzical-booth.87-106-237-161.plesk.page\/","title":{"rendered":"Entradas de productos"},"content":{"rendered":"\n<div class=\"wp-block-columns alignwide has-small-font-size is-layout-flex wp-container-core-columns-is-layout-9d6595d7 wp-block-columns-is-layout-flex\">\n<div class=\"wp-block-column ticss-076d18f3 is-layout-flow wp-block-column-is-layout-flow\">\n<div class=\"wp-block-query is-layout-flow wp-block-query-is-layout-flow\"><ul class=\"wp-block-post-template is-layout-flow wp-block-post-template-is-layout-flow\"><li class=\"wp-block-post post-271 post type-post status-publish format-standard has-post-thumbnail hentry category-fun category-function\">\n<figure style=\"height:292.8px;\" class=\"wp-block-post-featured-image\"><a href=\"https:\/\/quizzical-booth.87-106-237-161.plesk.page\/index.php\/2023\/06\/06\/prueba-entrada\/\" target=\"_self\" rel=\"prueba-entrada\" style=\"height:292.8px\"><img loading=\"lazy\" decoding=\"async\" width=\"612\" height=\"700\" src=\"https:\/\/quizzical-booth.87-106-237-161.plesk.page\/wp-content\/uploads\/2023\/05\/Iconic-azul-lateral.jpg\" class=\"attachment-post-thumbnail size-post-thumbnail wp-post-image\" alt=\"Reloj ICONIC+ SaveFamily\" style=\"height:292.8px;object-fit:contain;\" srcset=\"https:\/\/quizzical-booth.87-106-237-161.plesk.page\/wp-content\/uploads\/2023\/05\/Iconic-azul-lateral.jpg 612w, https:\/\/quizzical-booth.87-106-237-161.plesk.page\/wp-content\/uploads\/2023\/05\/Iconic-azul-lateral-262x300.jpg 262w\" sizes=\"auto, (max-width: 612px) 100vw, 612px\" \/><\/a><\/figure>\n\n<h3 class=\"has-text-align-center alignfull wp-block-post-title has-medium-font-size\">Reloj ICONIC+ SaveFamily<\/h3>\n\n<div class=\"has-text-align-left wp-block-post-excerpt has-small-font-size\"><p class=\"wp-block-post-excerpt__excerpt\">El reloj ICONIC Plus de SaveFamily es una opci\u00f3n completa y segura para los ni\u00f1os, permitiendo a los padres realizar videollamadas, rastrear la ubicaci\u00f3n a trav\u00e9s&#8230; <a class=\"wp-block-post-excerpt__more-link\" href=\"https:\/\/quizzical-booth.87-106-237-161.plesk.page\/index.php\/2023\/06\/06\/prueba-entrada\/\">Leer mas<\/a><\/p><\/div>\n<\/li><\/ul>\n\n<div class=\"wp-block-post-date\"><time datetime=\"2023-06-12T11:12:22+00:00\">junio 12, 2023<\/time><\/div><\/div>\n<\/div>\n\n\n\n<div class=\"wp-block-column is-layout-flow wp-block-column-is-layout-flow\">\n<div class=\"wp-block-query is-layout-flow wp-block-query-is-layout-flow\"><ul class=\"wp-block-post-template is-layout-flow wp-block-post-template-is-layout-flow\"><li class=\"wp-block-post post-284 post type-post status-publish format-standard has-post-thumbnail hentry category-fun category-function\">\n<figure style=\"height:293px;\" class=\"wp-block-post-featured-image\"><a href=\"https:\/\/quizzical-booth.87-106-237-161.plesk.page\/index.php\/2023\/06\/07\/pulsera-actividad-halothx\/\" target=\"_self\" rel=\"pulsera-actividad-halothx\" style=\"height:293px\"><img loading=\"lazy\" decoding=\"async\" width=\"425\" height=\"581\" src=\"https:\/\/quizzical-booth.87-106-237-161.plesk.page\/wp-content\/uploads\/2023\/05\/Lista_N2.jpg\" class=\"attachment-post-thumbnail size-post-thumbnail wp-post-image\" alt=\"Pulsera actividad Halothx\" style=\"height:293px;object-fit:contain;\" srcset=\"https:\/\/quizzical-booth.87-106-237-161.plesk.page\/wp-content\/uploads\/2023\/05\/Lista_N2.jpg 425w, https:\/\/quizzical-booth.87-106-237-161.plesk.page\/wp-content\/uploads\/2023\/05\/Lista_N2-219x300.jpg 219w\" sizes=\"auto, (max-width: 425px) 100vw, 425px\" \/><\/a><\/figure>\n\n<h3 class=\"has-text-align-center alignfull wp-block-post-title has-medium-font-size\">Pulsera actividad Halothx<\/h3>\n\n<div style=\"font-size:12px;\" class=\"wp-block-post-excerpt\"><p class=\"wp-block-post-excerpt__excerpt\">La pulsera de actividad inteligente para ni\u00f1os y ni\u00f1as de Halothx es un reloj inteligente dise\u00f1ado para mantener a los ni\u00f1os activos y monitorear su bienestar. Con caracter\u00edsticas como&#8230; <a class=\"wp-block-post-excerpt__more-link\" href=\"https:\/\/quizzical-booth.87-106-237-161.plesk.page\/index.php\/2023\/06\/07\/pulsera-actividad-halothx\/\">Leer mas<\/a><\/p><\/div>\n<\/li><\/ul>\n\n<div class=\"wp-block-post-date\"><time datetime=\"2023-06-12T11:12:22+00:00\">junio 12, 2023<\/time><\/div><\/div>\n<\/div>\n\n\n\n<div class=\"wp-block-column is-layout-flow wp-block-column-is-layout-flow\">\n<div class=\"wp-block-query is-layout-flow wp-block-query-is-layout-flow\"><ul class=\"wp-block-post-template is-layout-flow wp-block-post-template-is-layout-flow\"><li class=\"wp-block-post post-286 post type-post status-publish format-standard has-post-thumbnail hentry category-fun category-robot\">\n<figure style=\"height:292.8px;\" class=\"wp-block-post-featured-image\"><a href=\"https:\/\/quizzical-booth.87-106-237-161.plesk.page\/index.php\/2023\/06\/07\/perro-robot-teksta\/\" target=\"_self\" rel=\"perro-robot-teksta\" style=\"height:292.8px\"><img loading=\"lazy\" decoding=\"async\" width=\"1353\" height=\"1353\" src=\"https:\/\/quizzical-booth.87-106-237-161.plesk.page\/wp-content\/uploads\/2023\/05\/Lista_N3.jpg\" class=\"attachment-post-thumbnail size-post-thumbnail wp-post-image\" alt=\"Perro robot Teksta\" style=\"height:292.8px;object-fit:contain;\" srcset=\"https:\/\/quizzical-booth.87-106-237-161.plesk.page\/wp-content\/uploads\/2023\/05\/Lista_N3.jpg 1353w, https:\/\/quizzical-booth.87-106-237-161.plesk.page\/wp-content\/uploads\/2023\/05\/Lista_N3-300x300.jpg 300w, https:\/\/quizzical-booth.87-106-237-161.plesk.page\/wp-content\/uploads\/2023\/05\/Lista_N3-1024x1024.jpg 1024w, https:\/\/quizzical-booth.87-106-237-161.plesk.page\/wp-content\/uploads\/2023\/05\/Lista_N3-150x150.jpg 150w, https:\/\/quizzical-booth.87-106-237-161.plesk.page\/wp-content\/uploads\/2023\/05\/Lista_N3-768x768.jpg 768w\" sizes=\"auto, (max-width: 1353px) 100vw, 1353px\" \/><\/a><\/figure>\n\n<h3 class=\"has-text-align-center alignfull wp-block-post-title has-medium-font-size\">Perro robot Teksta<\/h3>\n\n<div class=\"wp-block-post-excerpt has-small-font-size\"><p class=\"wp-block-post-excerpt__excerpt\">La mascota interactiva 4G con app Teksta, modelo 9936 de IMC Toys, es una opci\u00f3n emocionante y avanzada dentro de los juguetes Teksta. Con conectividad&#8230; <a class=\"wp-block-post-excerpt__more-link\" href=\"https:\/\/quizzical-booth.87-106-237-161.plesk.page\/index.php\/2023\/06\/07\/perro-robot-teksta\/\">Leer mas<\/a><\/p><\/div>\n<\/li><\/ul>\n\n<div class=\"wp-block-post-date\"><time datetime=\"2023-06-12T11:12:22+00:00\">junio 12, 2023<\/time><\/div><\/div>\n<\/div>\n<\/div>\n\n\n\n<div class=\"wp-block-columns alignwide has-small-font-size is-layout-flex wp-container-core-columns-is-layout-9d6595d7 wp-block-columns-is-layout-flex\">\n<div class=\"wp-block-column is-layout-flow wp-block-column-is-layout-flow\">\n<div class=\"wp-block-query is-layout-flow wp-block-query-is-layout-flow\"><ul class=\"wp-block-post-template is-layout-flow wp-block-post-template-is-layout-flow\"><li class=\"wp-block-post post-302 post type-post status-publish format-standard has-post-thumbnail hentry category-music\">\n<figure style=\"height:292.8px;\" class=\"wp-block-post-featured-image\"><a href=\"https:\/\/quizzical-booth.87-106-237-161.plesk.page\/index.php\/2023\/06\/07\/stylophone-gen-x1\/\" target=\"_self\" rel=\"stylophone-gen-x1\" style=\"height:292.8px\"><img loading=\"lazy\" decoding=\"async\" width=\"258\" height=\"258\" src=\"https:\/\/quizzical-booth.87-106-237-161.plesk.page\/wp-content\/uploads\/2023\/05\/Lista_N4.png\" class=\"attachment-post-thumbnail size-post-thumbnail wp-post-image\" alt=\"Stylophone GEN-X1\" style=\"height:292.8px;object-fit:contain;\" srcset=\"https:\/\/quizzical-booth.87-106-237-161.plesk.page\/wp-content\/uploads\/2023\/05\/Lista_N4.png 258w, https:\/\/quizzical-booth.87-106-237-161.plesk.page\/wp-content\/uploads\/2023\/05\/Lista_N4-150x150.png 150w\" sizes=\"auto, (max-width: 258px) 100vw, 258px\" \/><\/a><\/figure>\n\n<h3 class=\"has-text-align-center alignfull wp-block-post-title has-medium-font-size\">Stylophone GEN-X1<\/h3>\n\n<div class=\"has-text-align-left wp-block-post-excerpt has-small-font-size\"><p class=\"wp-block-post-excerpt__excerpt\">El Stylophone GEN-X1 es un sintetizador port\u00e1til y compacto que ofrece una experiencia musical \u00fanica. Inspirado en el cl\u00e1sico Stylophone de los a\u00f1os 60, el GEN-X1 combina&#8230; <a class=\"wp-block-post-excerpt__more-link\" href=\"https:\/\/quizzical-booth.87-106-237-161.plesk.page\/index.php\/2023\/06\/07\/stylophone-gen-x1\/\">Leer mas<\/a><\/p><\/div>\n<\/li><\/ul>\n\n<div class=\"wp-block-post-date\"><time datetime=\"2023-06-12T11:12:22+00:00\">junio 12, 2023<\/time><\/div><\/div>\n<\/div>\n\n\n\n<div class=\"wp-block-column is-layout-flow wp-block-column-is-layout-flow\">\n<div class=\"wp-block-query is-layout-flow wp-block-query-is-layout-flow\"><ul class=\"wp-block-post-template is-layout-flow wp-block-post-template-is-layout-flow\"><li class=\"wp-block-post post-306 post type-post status-publish format-standard has-post-thumbnail hentry category-fun category-function\">\n<figure style=\"height:293px;\" class=\"wp-block-post-featured-image\"><a href=\"https:\/\/quizzical-booth.87-106-237-161.plesk.page\/index.php\/2023\/06\/07\/camara-para-ninos-umipyiza\/\" target=\"_self\" rel=\"camara-para-ninos-umipyiza\" style=\"height:293px\"><img loading=\"lazy\" decoding=\"async\" width=\"679\" height=\"718\" src=\"https:\/\/quizzical-booth.87-106-237-161.plesk.page\/wp-content\/uploads\/2023\/05\/Lista_N5.jpg\" class=\"attachment-post-thumbnail size-post-thumbnail wp-post-image\" alt=\"C\u00e1mara para ni\u00f1os Umipyiza\" style=\"height:293px;object-fit:contain;\" srcset=\"https:\/\/quizzical-booth.87-106-237-161.plesk.page\/wp-content\/uploads\/2023\/05\/Lista_N5.jpg 679w, https:\/\/quizzical-booth.87-106-237-161.plesk.page\/wp-content\/uploads\/2023\/05\/Lista_N5-284x300.jpg 284w\" sizes=\"auto, (max-width: 679px) 100vw, 679px\" \/><\/a><\/figure>\n\n<h3 class=\"has-text-align-center alignfull wp-block-post-title has-medium-font-size\">C\u00e1mara para ni\u00f1os Umipyiza<\/h3>\n\n<div class=\"wp-block-post-excerpt has-small-font-size\"><p class=\"wp-block-post-excerpt__excerpt\">La c\u00e1mara de fotos para ni\u00f1os es una c\u00e1mara digital compacta dise\u00f1ada espec\u00edficamente para los m\u00e1s peque\u00f1os. Viene con una tarjeta de memoria de 32GB y ofrece&#8230; <a class=\"wp-block-post-excerpt__more-link\" href=\"https:\/\/quizzical-booth.87-106-237-161.plesk.page\/index.php\/2023\/06\/07\/camara-para-ninos-umipyiza\/\">Leer mas<\/a><\/p><\/div>\n<\/li><\/ul>\n\n<div class=\"wp-block-post-date\"><time datetime=\"2023-06-12T11:12:22+00:00\">junio 12, 2023<\/time><\/div><\/div>\n<\/div>\n\n\n\n<div class=\"wp-block-column is-layout-flow wp-block-column-is-layout-flow\">\n<div class=\"wp-block-query is-layout-flow wp-block-query-is-layout-flow\"><ul class=\"wp-block-post-template is-layout-flow wp-block-post-template-is-layout-flow\"><li class=\"wp-block-post post-311 post type-post status-publish format-standard has-post-thumbnail hentry category-fun category-function\">\n<figure style=\"height:292.8px;\" class=\"wp-block-post-featured-image\"><a href=\"https:\/\/quizzical-booth.87-106-237-161.plesk.page\/index.php\/2023\/06\/07\/tablet-de-dibujo-tekfun\/\" target=\"_self\" rel=\"tablet-de-dibujo-tekfun\" style=\"height:292.8px\"><img loading=\"lazy\" decoding=\"async\" width=\"425\" height=\"442\" src=\"https:\/\/quizzical-booth.87-106-237-161.plesk.page\/wp-content\/uploads\/2023\/05\/Lista_N6.jpg\" class=\"attachment-post-thumbnail size-post-thumbnail wp-post-image\" alt=\"Tablet de dibujo Tekfun\" style=\"height:292.8px;object-fit:contain;\" srcset=\"https:\/\/quizzical-booth.87-106-237-161.plesk.page\/wp-content\/uploads\/2023\/05\/Lista_N6.jpg 425w, https:\/\/quizzical-booth.87-106-237-161.plesk.page\/wp-content\/uploads\/2023\/05\/Lista_N6-288x300.jpg 288w\" sizes=\"auto, (max-width: 425px) 100vw, 425px\" \/><\/a><\/figure>\n\n<h3 class=\"has-text-align-center alignfull wp-block-post-title has-medium-font-size\">Tablet de dibujo Tekfun<\/h3>\n\n<div class=\"wp-block-post-excerpt has-small-font-size\"><p class=\"wp-block-post-excerpt__excerpt\">La TEKFUN Tablet de Escritura LCD es una pizarra magn\u00e9tica infantil dise\u00f1ada para que los ni\u00f1os puedan dibujar y escribir de manera divertida y sin desperdiciar&#8230; <a class=\"wp-block-post-excerpt__more-link\" href=\"https:\/\/quizzical-booth.87-106-237-161.plesk.page\/index.php\/2023\/06\/07\/tablet-de-dibujo-tekfun\/\">Leer mas<\/a><\/p><\/div>\n<\/li><\/ul>\n\n<div class=\"wp-block-post-date\"><time datetime=\"2023-06-12T11:12:22+00:00\">junio 12, 2023<\/time><\/div><\/div>\n<\/div>\n<\/div>\n\n\n\n<div class=\"wp-block-columns alignwide has-small-font-size is-layout-flex wp-container-core-columns-is-layout-9d6595d7 wp-block-columns-is-layout-flex\">\n<div class=\"wp-block-column is-layout-flow wp-block-column-is-layout-flow\">\n<div class=\"wp-block-query is-layout-flow wp-block-query-is-layout-flow\"><ul class=\"wp-block-post-template is-layout-flow wp-block-post-template-is-layout-flow\"><li class=\"wp-block-post post-313 post type-post status-publish format-standard has-post-thumbnail hentry category-function category-music\">\n<figure style=\"height:292.8px;\" class=\"wp-block-post-featured-image\"><a href=\"https:\/\/quizzical-booth.87-106-237-161.plesk.page\/index.php\/2023\/06\/07\/reproductor-de-musica-dodosoul-mp3\/\" target=\"_self\" rel=\"reproductor-de-musica-dodosoul-mp3\" style=\"height:292.8px\"><img loading=\"lazy\" decoding=\"async\" width=\"425\" height=\"755\" src=\"https:\/\/quizzical-booth.87-106-237-161.plesk.page\/wp-content\/uploads\/2023\/05\/Lista_N7.jpg\" class=\"attachment-post-thumbnail size-post-thumbnail wp-post-image\" alt=\"Reproductor de m\u00fasica MP3\" style=\"height:292.8px;object-fit:contain;\" srcset=\"https:\/\/quizzical-booth.87-106-237-161.plesk.page\/wp-content\/uploads\/2023\/05\/Lista_N7.jpg 425w, https:\/\/quizzical-booth.87-106-237-161.plesk.page\/wp-content\/uploads\/2023\/05\/Lista_N7-169x300.jpg 169w\" sizes=\"auto, (max-width: 425px) 100vw, 425px\" \/><\/a><\/figure>\n\n<h3 class=\"has-text-align-center alignfull wp-block-post-title has-medium-font-size\">Reproductor de m\u00fasica MP3<\/h3>\n\n<div class=\"has-text-align-left wp-block-post-excerpt has-small-font-size\"><p class=\"wp-block-post-excerpt__excerpt\">El DODOSOUL Reproductor MP3 es un dispositivo port\u00e1til de m\u00fasica con una capacidad de almacenamiento de 64 GB. Este reproductor cuenta con Bluetooth 5.2, lo que permite&#8230; <a class=\"wp-block-post-excerpt__more-link\" href=\"https:\/\/quizzical-booth.87-106-237-161.plesk.page\/index.php\/2023\/06\/07\/reproductor-de-musica-dodosoul-mp3\/\">Leer mas<\/a><\/p><\/div>\n<\/li><\/ul>\n\n<div class=\"wp-block-post-date\"><time datetime=\"2023-06-12T11:12:22+00:00\">junio 12, 2023<\/time><\/div><\/div>\n<\/div>\n\n\n\n<div class=\"wp-block-column is-layout-flow wp-block-column-is-layout-flow\">\n<div class=\"wp-block-query is-layout-flow wp-block-query-is-layout-flow\"><ul class=\"wp-block-post-template is-layout-flow wp-block-post-template-is-layout-flow\"><li class=\"wp-block-post post-317 post type-post status-publish format-standard has-post-thumbnail hentry category-fun category-robot\">\n<figure style=\"height:293px;\" class=\"wp-block-post-featured-image\"><a href=\"https:\/\/quizzical-booth.87-106-237-161.plesk.page\/index.php\/2023\/06\/07\/dron-potensic-a20\/\" target=\"_self\" rel=\"dron-potensic-a20\" style=\"height:293px\"><img loading=\"lazy\" decoding=\"async\" width=\"768\" height=\"432\" src=\"https:\/\/quizzical-booth.87-106-237-161.plesk.page\/wp-content\/uploads\/2023\/05\/Lista_N8.jpg\" class=\"attachment-post-thumbnail size-post-thumbnail wp-post-image\" alt=\"DRON Potensic A20\" style=\"height:293px;object-fit:contain;\" srcset=\"https:\/\/quizzical-booth.87-106-237-161.plesk.page\/wp-content\/uploads\/2023\/05\/Lista_N8.jpg 768w, https:\/\/quizzical-booth.87-106-237-161.plesk.page\/wp-content\/uploads\/2023\/05\/Lista_N8-300x169.jpg 300w\" sizes=\"auto, (max-width: 768px) 100vw, 768px\" \/><\/a><\/figure>\n\n<h3 class=\"has-text-align-center alignfull wp-block-post-title has-medium-font-size\">DRON Potensic A20<\/h3>\n\n<div class=\"wp-block-post-excerpt has-small-font-size\"><p class=\"wp-block-post-excerpt__excerpt\">El dron Potensic A20 es un drone mini y f\u00e1cil de usar dise\u00f1ado para principiantes y ni\u00f1os. Con su tama\u00f1o compacto y liviano, es ideal para vuelos en interiores y exteriores. El dron&#8230; <a class=\"wp-block-post-excerpt__more-link\" href=\"https:\/\/quizzical-booth.87-106-237-161.plesk.page\/index.php\/2023\/06\/07\/dron-potensic-a20\/\">Leer mas<\/a><\/p><\/div>\n<\/li><\/ul>\n\n<div class=\"wp-block-post-date\"><time datetime=\"2023-06-12T11:12:22+00:00\">junio 12, 2023<\/time><\/div><\/div>\n<\/div>\n\n\n\n<div class=\"wp-block-column is-layout-flow wp-block-column-is-layout-flow\">\n<div class=\"wp-block-query is-layout-flow wp-block-query-is-layout-flow\"><ul class=\"wp-block-post-template is-layout-flow wp-block-post-template-is-layout-flow\"><li class=\"wp-block-post post-321 post type-post status-publish format-standard has-post-thumbnail hentry category-fun\">\n<figure style=\"height:292.8px;\" class=\"wp-block-post-featured-image\"><a href=\"https:\/\/quizzical-booth.87-106-237-161.plesk.page\/index.php\/2023\/06\/07\/patin-electrico-riding-times\/\" target=\"_self\" rel=\"patin-electrico-riding-times\" style=\"height:292.8px\"><img loading=\"lazy\" decoding=\"async\" width=\"418\" height=\"679\" src=\"https:\/\/quizzical-booth.87-106-237-161.plesk.page\/wp-content\/uploads\/2023\/05\/Lista_N9.jpg\" class=\"attachment-post-thumbnail size-post-thumbnail wp-post-image\" alt=\"Pat\u00edn el\u00e9ctrico Riding&#8217; Times\" style=\"height:292.8px;object-fit:contain;\" srcset=\"https:\/\/quizzical-booth.87-106-237-161.plesk.page\/wp-content\/uploads\/2023\/05\/Lista_N9.jpg 418w, https:\/\/quizzical-booth.87-106-237-161.plesk.page\/wp-content\/uploads\/2023\/05\/Lista_N9-185x300.jpg 185w\" sizes=\"auto, (max-width: 418px) 100vw, 418px\" \/><\/a><\/figure>\n\n<h3 class=\"has-text-align-center alignfull wp-block-post-title has-medium-font-size\">Pat\u00edn el\u00e9ctrico Riding&#8217; Times<\/h3>\n\n<div class=\"wp-block-post-excerpt has-small-font-size\"><p class=\"wp-block-post-excerpt__excerpt\">El Riding&#8217; times Patinete el\u00e9ctrico es una opci\u00f3n divertida y segura para que los ni\u00f1os de 5 a 12 a\u00f1os disfruten de paseos emocionantes. Con su motor de 100 W, velocidad&#8230; <a class=\"wp-block-post-excerpt__more-link\" href=\"https:\/\/quizzical-booth.87-106-237-161.plesk.page\/index.php\/2023\/06\/07\/patin-electrico-riding-times\/\">Leer mas<\/a><\/p><\/div>\n<\/li><\/ul>\n\n<div class=\"wp-block-post-date\"><time datetime=\"2023-06-12T11:12:22+00:00\">junio 12, 2023<\/time><\/div><\/div>\n<\/div>\n<\/div>\n\n\n\n<div class=\"wp-block-columns alignwide has-small-font-size is-layout-flex wp-container-core-columns-is-layout-9d6595d7 wp-block-columns-is-layout-flex\">\n<div class=\"wp-block-column ticss-c0ed725b is-layout-flow wp-block-column-is-layout-flow\">\n<div class=\"wp-block-query is-layout-flow wp-block-query-is-layout-flow\"><ul class=\"wp-block-post-template is-layout-flow wp-block-post-template-is-layout-flow\"><li class=\"wp-block-post post-324 post type-post status-publish format-standard has-post-thumbnail hentry category-schoolish\">\n<figure style=\"height:292.8px;\" class=\"wp-block-post-featured-image\"><a href=\"https:\/\/quizzical-booth.87-106-237-161.plesk.page\/index.php\/2023\/06\/07\/remarkable2\/\" target=\"_self\" rel=\"remarkable2\" style=\"height:292.8px\"><img loading=\"lazy\" decoding=\"async\" width=\"650\" height=\"650\" src=\"https:\/\/quizzical-booth.87-106-237-161.plesk.page\/wp-content\/uploads\/2023\/05\/Lista_N10.webp\" class=\"attachment-post-thumbnail size-post-thumbnail wp-post-image\" alt=\"Remarkable2\" style=\"height:292.8px;object-fit:contain;\" srcset=\"https:\/\/quizzical-booth.87-106-237-161.plesk.page\/wp-content\/uploads\/2023\/05\/Lista_N10.webp 650w, https:\/\/quizzical-booth.87-106-237-161.plesk.page\/wp-content\/uploads\/2023\/05\/Lista_N10-300x300.webp 300w, https:\/\/quizzical-booth.87-106-237-161.plesk.page\/wp-content\/uploads\/2023\/05\/Lista_N10-150x150.webp 150w\" sizes=\"auto, (max-width: 650px) 100vw, 650px\" \/><\/a><\/figure>\n\n<h3 class=\"has-text-align-center alignfull wp-block-post-title has-medium-font-size\">Remarkable2<\/h3>\n\n<div class=\"has-text-align-left wp-block-post-excerpt has-small-font-size\"><p class=\"wp-block-post-excerpt__excerpt\">El Remarkable2 es un dispositivo de escritura digital que combina la sensaci\u00f3n de escribir a mano con la conveniencia de la tecnolog\u00eda digital. Este dispositivo cuenta con&#8230; <a class=\"wp-block-post-excerpt__more-link\" href=\"https:\/\/quizzical-booth.87-106-237-161.plesk.page\/index.php\/2023\/06\/07\/remarkable2\/\">Leer mas<\/a><\/p><\/div>\n<\/li><\/ul>\n\n<div class=\"has-text-align-left wp-block-post-date\"><time datetime=\"2023-06-12T11:12:22+00:00\">junio 12, 2023<\/time><\/div><\/div>\n<\/div>\n\n\n\n<div class=\"wp-block-column is-layout-flow wp-block-column-is-layout-flow\">\n<div class=\"wp-block-query is-layout-flow wp-block-query-is-layout-flow\"><ul class=\"wp-block-post-template is-layout-flow wp-block-post-template-is-layout-flow\"><li class=\"wp-block-post post-326 post type-post status-publish format-standard has-post-thumbnail hentry category-fun\">\n<figure style=\"height:293px;\" class=\"wp-block-post-featured-image\"><a href=\"https:\/\/quizzical-booth.87-106-237-161.plesk.page\/index.php\/2023\/06\/07\/playmats-piano-super-gigante\/\" target=\"_self\" rel=\"playmats-piano-super-gigante\" style=\"height:293px\"><img loading=\"lazy\" decoding=\"async\" width=\"425\" height=\"112\" src=\"https:\/\/quizzical-booth.87-106-237-161.plesk.page\/wp-content\/uploads\/2023\/06\/Lista_N11.jpg\" class=\"attachment-post-thumbnail size-post-thumbnail wp-post-image\" alt=\"Playmats &#8211; Piano\" style=\"height:293px;object-fit:contain;\" srcset=\"https:\/\/quizzical-booth.87-106-237-161.plesk.page\/wp-content\/uploads\/2023\/06\/Lista_N11.jpg 425w, https:\/\/quizzical-booth.87-106-237-161.plesk.page\/wp-content\/uploads\/2023\/06\/Lista_N11-300x79.jpg 300w\" sizes=\"auto, (max-width: 425px) 100vw, 425px\" \/><\/a><\/figure>\n\n<h3 class=\"has-text-align-center alignfull wp-block-post-title has-medium-font-size\">Playmats &#8211; Piano<\/h3>\n\n<div class=\"wp-block-post-excerpt has-small-font-size\"><p class=\"wp-block-post-excerpt__excerpt\">El Playmats &#8211; Piano, Super Gigante (1920) es un piano de suelo dise\u00f1ado para ni\u00f1os que desean explorar su lado musical de una manera divertida y creativa. Con su tama\u00f1o&#8230; <a class=\"wp-block-post-excerpt__more-link\" href=\"https:\/\/quizzical-booth.87-106-237-161.plesk.page\/index.php\/2023\/06\/07\/playmats-piano-super-gigante\/\">Leer mas<\/a><\/p><\/div>\n<\/li><\/ul>\n\n<div class=\"has-text-align-left wp-block-post-date\"><time datetime=\"2023-06-12T11:12:22+00:00\">junio 12, 2023<\/time><\/div><\/div>\n<\/div>\n\n\n\n<div class=\"wp-block-column is-layout-flow wp-block-column-is-layout-flow\">\n<div class=\"wp-block-query is-layout-flow wp-block-query-is-layout-flow\"><ul class=\"wp-block-post-template is-layout-flow wp-block-post-template-is-layout-flow\"><li class=\"wp-block-post post-331 post type-post status-publish format-standard has-post-thumbnail hentry category-fun\">\n<figure style=\"height:292.8px;\" class=\"wp-block-post-featured-image\"><a href=\"https:\/\/quizzical-booth.87-106-237-161.plesk.page\/index.php\/2023\/06\/07\/novation-launchpad-mini\/\" target=\"_self\" rel=\"novation-launchpad-mini\" style=\"height:292.8px\"><img loading=\"lazy\" decoding=\"async\" width=\"679\" height=\"673\" src=\"https:\/\/quizzical-booth.87-106-237-161.plesk.page\/wp-content\/uploads\/2023\/06\/Lista_N12.jpg\" class=\"attachment-post-thumbnail size-post-thumbnail wp-post-image\" alt=\"Novation Launchpad Mini\" style=\"height:292.8px;object-fit:contain;\" srcset=\"https:\/\/quizzical-booth.87-106-237-161.plesk.page\/wp-content\/uploads\/2023\/06\/Lista_N12.jpg 679w, https:\/\/quizzical-booth.87-106-237-161.plesk.page\/wp-content\/uploads\/2023\/06\/Lista_N12-300x297.jpg 300w, https:\/\/quizzical-booth.87-106-237-161.plesk.page\/wp-content\/uploads\/2023\/06\/Lista_N12-150x150.jpg 150w\" sizes=\"auto, (max-width: 679px) 100vw, 679px\" \/><\/a><\/figure>\n\n<h3 class=\"has-text-align-center alignfull wp-block-post-title has-medium-font-size\">Novation Launchpad Mini<\/h3>\n\n<div class=\"wp-block-post-excerpt has-small-font-size\"><p class=\"wp-block-post-excerpt__excerpt\">El Novation Launchpad Mini [MK3] es un panel controlador MIDI port\u00e1til dise\u00f1ado para actuaciones en vivo con Ableton Live y Logic Pro. Con sus 64 almohadillas retroiluminadas&#8230; <a class=\"wp-block-post-excerpt__more-link\" href=\"https:\/\/quizzical-booth.87-106-237-161.plesk.page\/index.php\/2023\/06\/07\/novation-launchpad-mini\/\">Leer mas<\/a><\/p><\/div>\n<\/li><\/ul>\n\n<div class=\"has-text-align-left wp-block-post-date\"><time datetime=\"2023-06-12T11:12:22+00:00\">junio 12, 2023<\/time><\/div><\/div>\n<\/div>\n<\/div>\n","protected":false},"excerpt":{"rendered":"","protected":false},"author":1,"featured_media":0,"parent":0,"menu_order":0,"comment_status":"closed","ping_status":"closed","template":"","meta":{"_themeisle_gutenberg_block_has_review":false,"footnotes":""},"class_list":["post-272","page","type-page","status-publish","hentry"],"_links":{"self":[{"href":"https:\/\/quizzical-booth.87-106-237-161.plesk.page\/index.php\/wp-json\/wp\/v2\/pages\/272","targetHints":{"allow":["GET"]}}],"collection":[{"href":"https:\/\/quizzical-booth.87-106-237-161.plesk.page\/index.php\/wp-json\/wp\/v2\/pages"}],"about":[{"href":"https:\/\/quizzical-booth.87-106-237-161.plesk.page\/index.php\/wp-json\/wp\/v2\/types\/page"}],"author":[{"embeddable":true,"href":"https:\/\/quizzical-booth.87-106-237-161.plesk.page\/index.php\/wp-json\/wp\/v2\/users\/1"}],"replies":[{"embeddable":true,"href":"https:\/\/quizzical-booth.87-106-237-161.plesk.page\/index.php\/wp-json\/wp\/v2\/comments?post=272"}],"version-history":[{"count":114,"href":"https:\/\/quizzical-booth.87-106-237-161.plesk.page\/index.php\/wp-json\/wp\/v2\/pages\/272\/revisions"}],"predecessor-version":[{"id":468,"href":"https:\/\/quizzical-booth.87-106-237-161.plesk.page\/index.php\/wp-json\/wp\/v2\/pages\/272\/revisions\/468"}],"wp:attachment":[{"href":"https:\/\/quizzical-booth.87-106-237-161.plesk.page\/index.php\/wp-json\/wp\/v2\/media?parent=272"}],"curies":[{"name":"wp","href":"https:\/\/api.w.org\/{rel}","templated":true}]}}